{"id":425,"date":"2026-04-10T08:46:40","date_gmt":"2026-04-10T06:46:40","guid":{"rendered":"http:\/\/czystakranowka.pl\/?page_id=425"},"modified":"2026-04-16T17:27:59","modified_gmt":"2026-04-16T15:27:59","slug":"biznes","status":"publish","type":"page","link":"https:\/\/czystakranowka.pl\/?page_id=425","title":{"rendered":"Biznes"},"content":{"rendered":"\n<div class=\"wp-block-group alignwide has-background is-layout-flow wp-block-group-is-layout-flow\" style=\"background:linear-gradient(90deg,rgb(255,255,255) 0%,rgba(191,202,218,0.95) 100%);margin-bottom:var(--wp--preset--spacing--20);padding-top:var(--wp--preset--spacing--10);padding-right:0;padding-bottom:var(--wp--preset--spacing--10);padding-left:0\">\n<div class=\"wp-block-group alignfull has-contrast-color has-text-color has-link-color has-small-font-size wp-elements-5252113f24929c100d1385ddb4cc4c78 is-layout-flow wp-block-group-is-layout-flow\" style=\"margin-bottom:var(--wp--preset--spacing--10);padding-top:var(--wp--preset--spacing--10);padding-right:var(--wp--preset--spacing--40);padding-bottom:var(--wp--preset--spacing--10);padding-left:var(--wp--preset--spacing--40)\">\n<p class=\"has-text-align-left has-text-color has-link-color has-heading-font-family wp-elements-168a5ba03badc216d3d18610d9fc4552\" id=\"horeca\" style=\"color:#000000;margin-bottom:var(--wp--preset--spacing--20);font-size:clamp(0.984em, 0.984rem + ((1vw - 0.2em) * 0.86), 1.5em);\"><strong>Odwr\u00f3cona osmoza dla gastronomii<\/strong><br><br>Perspektywa warto\u015bci wody diametralnie zmienia si\u0119 wraz ze wzrostem jej zu\u017cycia, czy niezb\u0119dnym poziomem oczyszczenia. <strong>CzystaKran\u00f3wka<\/strong> nabiera nowego znaczenia, je\u015bli stanowi podstawowe medium naszego biznesu: kawiarni, czy restauracji. Co faktycznie daje odwr\u00f3cona osmoza?<\/p>\n\n\n\n<div class=\"wp-block-group is-layout-flow wp-block-group-is-layout-flow\">\n<ul style=\"font-size:clamp(0.984rem, 0.984rem + ((1vw - 0.2rem) * 0.86), 1.5rem);\" class=\"wp-block-list has-heading-font-family\">\n<li class=\"has-text-color has-link-color wp-elements-d6fae7345f56539d2b16384eb32d19c4\" style=\"color:#000000\">Redukuje zu\u017cycie detergent\u00f3w o 90% i usuwa ponad 99% zanieczyszcze\u0144 dzi\u0119ki czemu woda sp\u0142ywa bez zaciek\u00f3w &#8211; brak konieczno\u015bci polerowania szklanej zastawy.<\/li>\n\n\n\n<li class=\"has-text-color has-link-color wp-elements-763cf743dc44bf87a02c8a91bb51f252\" style=\"color:#000000;margin-top:var(--wp--preset--spacing--10);margin-bottom:var(--wp--preset--spacing--10)\">Czysta woda to wyd\u0142u\u017cona \u017cywotno\u015b\u0107 i \u0142atwiejszy serwis urz\u0105dze\u0144: zmywarek, piec\u00f3w konwekcyjno-parowych, kostkarek i ekspres\u00f3w do kawy. <\/li>\n\n\n\n<li class=\"has-text-color has-link-color wp-elements-ba6cc1c9e02471a2f70b9af79610a850\" style=\"color:#000000\">W odr\u00f3\u017cnieniu od zmi\u0119kczaczy, nie wprowadzamy do wody sodu. Brak soli tabletkowanej = ta\u0144sza eksploatacja i wi\u0119ksza niezawodno\u015b\u0107.<\/li>\n\n\n\n<li class=\"has-text-color has-link-color wp-elements-a09950aa0c1110223745893d9cf215ff\" style=\"color:#000000;margin-top:var(--wp--preset--spacing--10);margin-right:0;margin-bottom:var(--wp--preset--spacing--10);margin-left:0\">Osmoza w wariancie z regulacj\u0105 stopnia oczyszczenia, doskonale nadaje si\u0119 do instalacji w systemach wymagaj\u0105cych konkretnych parametr\u00f3w &#8211; piec\u00f3w konwekcyjno-parowych i ekspres\u00f3w do kawy.<\/li>\n<\/ul>\n<\/div>\n<\/div>\n\n\n\n<div class=\"wp-block-group has-small-font-size is-layout-flow wp-block-group-is-layout-flow\" style=\"padding-top:var(--wp--preset--spacing--10);padding-right:var(--wp--preset--spacing--40);padding-bottom:var(--wp--preset--spacing--10);padding-left:var(--wp--preset--spacing--40)\">\n<div class=\"wp-block-group has-global-padding is-layout-constrained wp-block-group-is-layout-constrained\" style=\"margin-top:0;margin-bottom:0\">\n<figure class=\"wp-block-image size-large\" style=\"margin-top:var(--wp--preset--spacing--10);margin-right:0;margin-bottom:var(--wp--preset--spacing--10);margin-left:0\"><img loading=\"lazy\" decoding=\"async\" width=\"1024\" height=\"655\" src=\"http:\/\/czystakranowka.pl\/wp-content\/uploads\/2026\/04\/1775813898166-1024x655.jpg\" alt=\"\" class=\"wp-image-506\" srcset=\"https:\/\/czystakranowka.pl\/wp-content\/uploads\/2026\/04\/1775813898166-1024x655.jpg 1024w, https:\/\/czystakranowka.pl\/wp-content\/uploads\/2026\/04\/1775813898166-300x192.jpg 300w, https:\/\/czystakranowka.pl\/wp-content\/uploads\/2026\/04\/1775813898166-768x491.jpg 768w, https:\/\/czystakranowka.pl\/wp-content\/uploads\/2026\/04\/1775813898166-1536x982.jpg 1536w, https:\/\/czystakranowka.pl\/wp-content\/uploads\/2026\/04\/1775813898166-2048x1309.jpg 2048w\" sizes=\"auto, (max-width: 1024px) 100vw, 1024px\" \/><\/figure>\n\n\n\n<figure class=\"wp-block-image size-large\" style=\"margin-top:var(--wp--preset--spacing--10);margin-right:0;margin-bottom:var(--wp--preset--spacing--10);margin-left:0\"><img loading=\"lazy\" decoding=\"async\" width=\"1024\" height=\"768\" src=\"http:\/\/czystakranowka.pl\/wp-content\/uploads\/2026\/04\/1775813898152-1024x768.jpg\" alt=\"\" class=\"wp-image-504\" srcset=\"https:\/\/czystakranowka.pl\/wp-content\/uploads\/2026\/04\/1775813898152-1024x768.jpg 1024w, https:\/\/czystakranowka.pl\/wp-content\/uploads\/2026\/04\/1775813898152-300x225.jpg 300w, https:\/\/czystakranowka.pl\/wp-content\/uploads\/2026\/04\/1775813898152-768x576.jpg 768w, https:\/\/czystakranowka.pl\/wp-content\/uploads\/2026\/04\/1775813898152-1536x1152.jpg 1536w, https:\/\/czystakranowka.pl\/wp-content\/uploads\/2026\/04\/1775813898152-2048x1536.jpg 2048w\" sizes=\"auto, (max-width: 1024px) 100vw, 1024px\" \/><\/figure>\n\n\n\n<figure class=\"wp-block-image size-large\" style=\"margin-top:var(--wp--preset--spacing--10);margin-right:0;margin-bottom:var(--wp--preset--spacing--10);margin-left:0\"><img loading=\"lazy\" decoding=\"async\" width=\"768\" height=\"1024\" src=\"http:\/\/czystakranowka.pl\/wp-content\/uploads\/2026\/04\/1775813898156-768x1024.jpg\" alt=\"\" class=\"wp-image-507\" srcset=\"https:\/\/czystakranowka.pl\/wp-content\/uploads\/2026\/04\/1775813898156-768x1024.jpg 768w, https:\/\/czystakranowka.pl\/wp-content\/uploads\/2026\/04\/1775813898156-225x300.jpg 225w, https:\/\/czystakranowka.pl\/wp-content\/uploads\/2026\/04\/1775813898156-1152x1536.jpg 1152w, https:\/\/czystakranowka.pl\/wp-content\/uploads\/2026\/04\/1775813898156-1536x2048.jpg 1536w, https:\/\/czystakranowka.pl\/wp-content\/uploads\/2026\/04\/1775813898156-scaled.jpg 1920w\" sizes=\"auto, (max-width: 768px) 100vw, 768px\" \/><\/figure>\n<\/div>\n\n\n\n<p class=\"has-text-align-left has-text-color has-link-color has-heading-font-family wp-elements-4778bff7e4866071979a560652e45fd2\" id=\"horeca\" style=\"color:#000000;margin-top:var(--wp--preset--spacing--20);margin-bottom:var(--wp--preset--spacing--20);font-size:clamp(0.984rem, 0.984rem + ((1vw - 0.2rem) * 0.86), 1.5rem);\">Nie chcesz kupowa\u0107 kota w worku? Zadzwo\u0144 i um\u00f3w si\u0119 na testy w swoim lokalu. <\/p>\n<\/div>\n\n\n\n<div class=\"wp-block-group alignfull has-small-font-size is-layout-flow wp-block-group-is-layout-flow\" style=\"margin-top:var(--wp--preset--spacing--10);margin-bottom:var(--wp--preset--spacing--10);padding-top:var(--wp--preset--spacing--10);padding-right:var(--wp--preset--spacing--40);padding-bottom:var(--wp--preset--spacing--10);padding-left:var(--wp--preset--spacing--40)\">\n<p class=\"has-text-align-left has-text-color has-link-color has-heading-font-family wp-elements-bd76879acc97766eba0cea8565fd900d\" id=\"mobilne\" style=\"color:#000000;font-size:clamp(0.984rem, 0.984rem + ((1vw - 0.2rem) * 0.86), 1.5rem);\"><strong>Mobilne systemy uzdatniania wody<\/strong>. <br><br>Tam gdzie potrzebna jest doskonale oczyszczona woda w zdecydowanie wi\u0119kszych ilo\u015bciach, a najlepiej w \u0142atwej do transportu konstrukcji, czyli m.in. w firmach czyszcz\u0105cych elewacje czy panele fotowoltaiczne, posiadamy rozwi\u0105zanie wi\u0119kszego kalibru. Systemy odwr\u00f3conej osmozy o wydajno\u015bci 500 L \/ godz., osadzone na wygodnym stela\u017cu na dw\u00f3ch ko\u0142ach, umo\u017cliwia prac\u0119 nawet trzem pracownikom w tym samym czasie. Dzi\u0119ki aktywnej wsp\u00f3\u0142pracy ze specjalistami zajmuj\u0105cymi si\u0119 takimi us\u0142ugami od wielu lat, mamy mo\u017cliwo\u015b\u0107 obejrzenia system\u00f3w na \u017cywo, w praktyce. Dla zastosowania, gdzie potrzebna jest woda o rygorystycznych wymogach wody destylowanej, mo\u017cliwe jest te\u017c zakupienie systemu w wariancie z dodatkow\u0105 demineralizacj\u0105, dzi\u0119ki kt\u00f3rej uzyskujemy wod\u0119 na poziomie poni\u017cej 1-0 ppm. <\/p>\n<\/div>\n\n\n\n<div class=\"wp-block-group has-global-padding is-layout-constrained wp-container-core-group-is-layout-73b89f41 wp-block-group-is-layout-constrained\" style=\"padding-top:var(--wp--preset--spacing--10);padding-right:var(--wp--preset--spacing--40);padding-bottom:var(--wp--preset--spacing--10);padding-left:var(--wp--preset--spacing--40)\">\n<figure class=\"wp-block-image size-full has-custom-border\" style=\"margin-top:var(--wp--preset--spacing--10);margin-right:var(--wp--preset--spacing--40);margin-bottom:var(--wp--preset--spacing--10);margin-left:var(--wp--preset--spacing--40)\"><img loading=\"lazy\" decoding=\"async\" width=\"884\" height=\"719\" src=\"https:\/\/czystakranowka.pl\/wp-content\/uploads\/2026\/04\/image-7.png\" alt=\"\" class=\"wp-image-523\" style=\"border-top-left-radius:100px;border-top-right-radius:100px;border-bottom-left-radius:100px;border-bottom-right-radius:100px\" srcset=\"https:\/\/czystakranowka.pl\/wp-content\/uploads\/2026\/04\/image-7.png 884w, https:\/\/czystakranowka.pl\/wp-content\/uploads\/2026\/04\/image-7-300x244.png 300w, https:\/\/czystakranowka.pl\/wp-content\/uploads\/2026\/04\/image-7-768x625.png 768w\" sizes=\"auto, (max-width: 884px) 100vw, 884px\" \/><\/figure>\n\n\n\n<figure class=\"wp-block-image size-full has-custom-border\" style=\"margin-top:var(--wp--preset--spacing--10);margin-right:var(--wp--preset--spacing--40);margin-bottom:var(--wp--preset--spacing--10);margin-left:var(--wp--preset--spacing--40)\"><a href=\"https:\/\/renevsystem.pl\/\"><img loading=\"lazy\" decoding=\"async\" width=\"951\" height=\"437\" src=\"http:\/\/czystakranowka.pl\/wp-content\/uploads\/2026\/04\/image-8.png\" alt=\"\" class=\"wp-image-525\" style=\"border-style:none;border-width:0px;border-top-left-radius:57px;border-top-right-radius:57px;border-bottom-left-radius:57px;border-bottom-right-radius:57px\" srcset=\"https:\/\/czystakranowka.pl\/wp-content\/uploads\/2026\/04\/image-8.png 951w, https:\/\/czystakranowka.pl\/wp-content\/uploads\/2026\/04\/image-8-300x138.png 300w, https:\/\/czystakranowka.pl\/wp-content\/uploads\/2026\/04\/image-8-768x353.png 768w\" sizes=\"auto, (max-width: 951px) 100vw, 951px\" \/><\/a><\/figure>\n<\/div>\n<\/div>\n","protected":false},"excerpt":{"rendered":"<p>Odwr\u00f3cona osmoza dla gastronomii Perspektywa warto\u015bci wody diametralnie zmienia si\u0119 wraz ze wzrostem jej zu\u017cycia, czy niezb\u0119dnym poziomem oczyszczenia. CzystaKran\u00f3wka nabiera nowego znaczenia, je\u015bli stanowi podstawowe medium naszego biznesu: kawiarni, czy restauracji. Co faktycznie daje odwr\u00f3cona osmoza? Nie chcesz kupowa\u0107 kota w worku? Zadzwo\u0144 i um\u00f3w si\u0119 na testy w swoim lokalu. Mobilne systemy uzdatniania [&hellip;]<\/p>\n","protected":false},"author":1,"featured_media":0,"parent":0,"menu_order":0,"comment_status":"closed","ping_status":"closed","template":"","meta":{"_uag_custom_page_level_css":"","footnotes":""},"class_list":["post-425","page","type-page","status-publish","hentry"],"uagb_featured_image_src":{"full":false,"thumbnail":false,"medium":false,"medium_large":false,"large":false,"1536x1536":false,"2048x2048":false},"uagb_author_info":{"display_name":"adbed","author_link":"https:\/\/czystakranowka.pl\/?author=1"},"uagb_comment_info":0,"uagb_excerpt":"Odwr\u00f3cona osmoza dla gastronomii Perspektywa warto\u015bci wody diametralnie zmienia si\u0119 wraz ze wzrostem jej zu\u017cycia, czy niezb\u0119dnym poziomem oczyszczenia. CzystaKran\u00f3wka nabiera nowego znaczenia, je\u015bli stanowi podstawowe medium naszego biznesu: kawiarni, czy restauracji. Co faktycznie daje odwr\u00f3cona osmoza? Nie chcesz kupowa\u0107 kota w worku? Zadzwo\u0144 i um\u00f3w si\u0119 na testy w swoim lokalu. Mobilne systemy uzdatniania&hellip;","_links":{"self":[{"href":"https:\/\/czystakranowka.pl\/index.php?rest_route=\/wp\/v2\/pages\/425","targetHints":{"allow":["GET"]}}],"collection":[{"href":"https:\/\/czystakranowka.pl\/index.php?rest_route=\/wp\/v2\/pages"}],"about":[{"href":"https:\/\/czystakranowka.pl\/index.php?rest_route=\/wp\/v2\/types\/page"}],"author":[{"embeddable":true,"href":"https:\/\/czystakranowka.pl\/index.php?rest_route=\/wp\/v2\/users\/1"}],"replies":[{"embeddable":true,"href":"https:\/\/czystakranowka.pl\/index.php?rest_route=%2Fwp%2Fv2%2Fcomments&post=425"}],"version-history":[{"count":50,"href":"https:\/\/czystakranowka.pl\/index.php?rest_route=\/wp\/v2\/pages\/425\/revisions"}],"predecessor-version":[{"id":1449,"href":"https:\/\/czystakranowka.pl\/index.php?rest_route=\/wp\/v2\/pages\/425\/revisions\/1449"}],"wp:attachment":[{"href":"https:\/\/czystakranowka.pl\/index.php?rest_route=%2Fwp%2Fv2%2Fmedia&parent=425"}],"curies":[{"name":"wp","href":"https:\/\/api.w.org\/{rel}","templated":true}]}}